{"id":11291,"date":"2021-08-16T14:43:41","date_gmt":"2021-08-16T12:43:41","guid":{"rendered":"http:\/\/thibaultbazin.fr\/?page_id=11291"},"modified":"2026-01-21T11:35:13","modified_gmt":"2026-01-21T10:35:13","slug":"mes-rapports","status":"publish","type":"page","link":"https:\/\/thibaultbazin.fr\/index.php\/mes-rapports\/","title":{"rendered":"Mes rapports et contributions"},"content":{"rendered":"\r\n<h4 class=\"wp-block-heading\" style=\"text-align: center;\">MANDAT 2024-2029<\/h4>\r\n<p><strong>Vous trouverez ci-apr\u00e8s 1 rapport et <i>contribution<\/i>\u00a0qui concourent \u00e0 ma mission de parlementaire. En effet, ils visent \u00e0 \u00e9valuer les politiques publiques et \u00e0 contribuer au travail l\u00e9gislatif.\u00a0Si la pr\u00e9sentation du rapport revient \u00e0 un ou deux d\u00e9put\u00e9s, la mission d\u2019information peut associer davantage de parlementaires. Elle peut \u00eatre d\u00e9cid\u00e9e soit par le bureau de l\u2019assembl\u00e9e soit par une commission permanente.<\/strong><\/p>\r\n<p><a href=\"https:\/\/thibaultbazin.fr\/wp-content\/uploads\/2026\/01\/Rapport-PPL-visant-a-permettre-aux-salaries-de-certains-etablissements-et-services-de-travailler-le-1er-mai-1.pdf\">Rapport de la proposition de loi visant \u00e0 permettre aux salari\u00e9s de certains \u00e9tablissements et services de travailler le 1er mai<\/a><\/p>\r\n<p><a href=\"https:\/\/www.assemblee-nationale.fr\/dyn\/17\/rapports\/cion-soc\/l17b2152_rapport-fond#\">Rapport, en nouvelle lecture, sur le projet de loi de financement de la s\u00e9curit\u00e9 sociale pour 2026, modifi\u00e9 par le S\u00e9nat<\/a><\/p>\r\n<p><a href=\"https:\/\/www.assemblee-nationale.fr\/dyn\/17\/rapports\/1907\/l17b2144_rapport-fond\">Rapport de la commission mixte paritaire charg\u00e9e de proposer un texte sur les dispositions restant en discussion du projet de loi de financement de la s\u00e9curit\u00e9 sociale pour 2026<\/a><\/p>\r\n<p><a href=\"https:\/\/www.assemblee-nationale.fr\/dyn\/17\/rapports\/cion-soc\/l17b2057-tiii_rapport-fond#\">Rapport sur le projet de loi de financement de la s\u00e9curit\u00e9 sociale pour 2026 (Tome III)<\/a><\/p>\r\n<p><a href=\"https:\/\/www.assemblee-nationale.fr\/dyn\/17\/rapports\/cion-soc\/l17b2057-tii_rapport-fond\">Rapport sur le projet de loi de financement de la s\u00e9curit\u00e9 sociale pour 2026 (Tome II)<\/a><\/p>\r\n<p><a href=\"https:\/\/www.assemblee-nationale.fr\/dyn\/17\/rapports\/cion-soc\/l17b2057-ti_rapport-fond#\">Rapport sur le projet de loi de financement de la s\u00e9curit\u00e9 sociale pour 2026 (Tome I)<\/a><\/p>\r\n<p><a href=\"https:\/\/thibaultbazin.fr\/index.php\/2025\/10\/15\/conclusions-du-rapport-de-la-mission-dinformation-sur-les-conges-parentaux\/\">Conclusions du rapport de la mission d\u2019information sur les cong\u00e9s parentaux<\/a><\/p>\r\n<p><a href=\"https:\/\/www.assemblee-nationale.fr\/dyn\/17\/rapports\/cion-soc\/l17b1491_rapport-fond#\">Rapport sur le projet de loi, apr\u00e8s engagement de la proc\u00e9dure acc\u00e9l\u00e9r\u00e9e, portant approbation des comptes de la s\u00e9curit\u00e9 sociale de l&rsquo;ann\u00e9e 2024<\/a><\/p>\r\n<p><a href=\"https:\/\/www.assemblee-nationale.fr\/dyn\/17\/rapports\/cion-soc\/l17b0869_rapport-fond#\">Rapport, en nouvelle lecture, sur le projet de loi de financement de la s\u00e9curit\u00e9 sociale, modifi\u00e9 par le S\u00e9nat, de financement de la s\u00e9curit\u00e9 sociale pour 2025<\/a><\/p>\r\n<p><a href=\"https:\/\/thibaultbazin.fr\/index.php\/2025\/01\/29\/examen-de-la-proposition-de-loi-visant-a-plafonner-le-cumul-de-prestations-sociales-en-vue-de-creer-une-aide-sociale-unique-et-a-soutenir-les-familles-qui-travaillent\/\">Proposition de loi visant \u00e0 plafonner le cumul de prestations sociales en vue de cr\u00e9er une aide sociale unique et \u00e0 soutenir les familles qui travaillent<\/a><\/p>\r\n<p><a href=\"https:\/\/www.assemblee-nationale.fr\/dyn\/contributions\/CTRIBANR5L17PO838901B1595P0D1N000172\">Contribution sur la proposition de loi pour la relance d&rsquo;une politique nataliste<\/a><\/p>\r\n<p><a href=\"https:\/\/www.assemblee-nationale.fr\/dyn\/contributions\/CTRIBANR5L17PO838901B1364P0D1N000169\">Contribution sur la proposition de loi relative \u00e0 la fin de vie<\/a><\/p>\r\n<p><a href=\"https:\/\/www.assemblee-nationale.fr\/dyn\/contributions\/CTRIBANR5L17PO838901B1281P0D1N000168\">Contribution sur la proposition de loi relative aux soins palliatifs et d&rsquo;accompagnement<\/a><\/p>\r\n<h4 class=\"wp-block-heading\" style=\"text-align: center;\">MANDAT 2022-2024<\/h4>\r\n<p><strong>Vous trouverez ci-apr\u00e8s 4 rapports et <i>contributions<\/i>\u00a0qui concourent \u00e0 ma mission de parlementaire. En effet, ils visent \u00e0 \u00e9valuer les politiques publiques et \u00e0 contribuer au travail l\u00e9gislatif.\u00a0Si la pr\u00e9sentation du rapport revient \u00e0 un ou deux d\u00e9put\u00e9s, la mission d\u2019information peut associer davantage de parlementaires. Elle peut \u00eatre d\u00e9cid\u00e9e soit par le bureau de l\u2019assembl\u00e9e soit par une commission permanente.<\/strong><\/p>\r\n<p><a href=\"https:\/\/www.assemblee-nationale.fr\/dyn\/16\/rapports\/cecrec\/l16b2660_rapport-enquete#\">Rapport de la commission d\u2019enqu\u00eate sur le mod\u00e8le \u00e9conomique des cr\u00e8ches et sur la qualit\u00e9 de l\u2019accueil des jeunes enfants au sein de leurs \u00e9tablissements<\/a><\/p>\r\n<p><a href=\"https:\/\/www.assemblee-nationale.fr\/dyn\/16\/rapports\/cion-eco\/l16b1929_rapport-fond#\">Rapport de la commission des affaires \u00e9conomiques sur la proposition de loi de M. Thibault Bazin portant mesures d&rsquo;urgence pour rem\u00e9dier \u00e0 la crise du logement<\/a><\/p>\r\n<p><a href=\"https:\/\/www.assemblee-nationale.fr\/dyn\/16\/rapports\/cion-soc\/l16b1525_rapport-fond\">Rapport de la commission des affaires sociales d\u00e9pos\u00e9 en application de l\u2019article 148 du r\u00e8glement, par la commission des affaires sociales, en conclusion des travaux sur la p\u00e9tition n\u00b01067 du 20 octobre 2022 \u00ab Allongement de la dur\u00e9e du cong\u00e9 maternit\u00e9 \u00bb<\/a><\/p>\r\n<p><a href=\"https:\/\/www.assemblee-nationale.fr\/dyn\/16\/rapports\/cion-soc\/l16b0500_rapport-fond#\">Rapport de la commission des affaires sociales, en nouvelle lecture, sur le projet de loi de financement de la s\u00e9curit\u00e9 sociale, modifi\u00e9 par le S\u00e9nat, pour 2023<\/a><\/p>\r\n<p><a href=\"https:\/\/www.assemblee-nationale.fr\/dyn\/16\/rapports\/cion-soc\/l16b0339-tiii_rapport-fond#\">Rapport de la commission sur le projet de loi de financement de la s\u00e9curit\u00e9 sociale pour 2023 (Tome III)<\/a><\/p>\r\n<p><a href=\"https:\/\/www.assemblee-nationale.fr\/dyn\/16\/rapports\/cion-soc\/l16b0339-tii_rapport-fond#\">Rapport de la commission sur le projet de loi de financement de la s\u00e9curit\u00e9 sociale pour 2023 (Tome II)<\/a><\/p>\r\n<p><a href=\"https:\/\/www.assemblee-nationale.fr\/dyn\/16\/rapports\/cion-soc\/l16b0339-ti_rapport-fond#\">Rapport de la commission sur le projet de loi de financement de la s\u00e9curit\u00e9 sociale pour 2023 (Tome I)<\/a><\/p>\r\n<h4 class=\"wp-block-heading\" style=\"text-align: center;\">MANDAT 2017-2022<\/h4>\r\n<p><span style=\"font-size: 12pt; color: #333333;\"><span style=\"font-family: arial, helvetica, sans-serif;\">Vous trouverez ci-apr\u00e8s 7 rapports et\u00a0<\/span><span style=\"font-family: arial, helvetica, sans-serif;\"><i>contributions<\/i><\/span><span style=\"font-family: arial, helvetica, sans-serif;\">\u00a0qui concourent \u00e0 ma mission de parlementaire. En effet, ils visent \u00e0 \u00e9valuer les politiques publiques et \u00e0 contribuer au travail l\u00e9gislatif.\u00a0<\/span><span style=\"font-family: arial, helvetica, sans-serif;\">Si la pr\u00e9sentation du rapport revient \u00e0 un ou deux d\u00e9put\u00e9s, la mission d\u2019information peut associer davantage de parlementaires. Elle peut \u00eatre d\u00e9cid\u00e9e soit par le bureau de l\u2019assembl\u00e9e soit par une commission permanente.<\/span><\/span><\/p>\r\n\r\n\r\n\r\n<div class=\"wp-block-spacer\" style=\"height: 52px;\" aria-hidden=\"true\">\u00a0<\/div>\r\n\r\n\r\n\r\n<h4 class=\"wp-block-heading\">Rapport de la mission d&rsquo;information sur l&rsquo;\u00e9valuation de la loi n\u00b02018-1021 du 23 novembre 2018 portant \u00e9volution du logement, de l&rsquo;am\u00e9nagement et du num\u00e9rique (dite \u00ab\u00a0loi ELAN\u00a0\u00bb) &#8211; 23 f\u00e9vrier 2022 :<\/h4>\r\n\r\n\r\n\r\n<p>\u2022 Le pr\u00e9sent rapport porte sur le bilan de cette loi ELAN 3 ans apr\u00e8s sa mise en \u0153uvre.<\/p>\r\n<p>\u2022 <a href=\"https:\/\/thibaultbazin.fr\/wp-content\/uploads\/2022\/02\/Rapport-information-5121-Evaluation-loi-\u00c9LAN-3-ans-apr\u00e8s.pdf\">Vous pouvez y acc\u00e9der dans son int\u00e9gralit\u00e9<\/a><\/p>\r\n<p>\u2022 Vid\u00e9o de ma pr\u00e9sentation :<\/p>\r\n<p><iframe src=\"https:\/\/www.facebook.com\/plugins\/video.php?height=316&amp;href=https%3A%2F%2Fwww.facebook.com%2FDeputeThibaultBAZIN%2Fvideos%2F349446417081295%2F&amp;show_text=false&amp;width=560&amp;t=0\" width=\"560\" height=\"316\" frameborder=\"0\" scrolling=\"no\" allowfullscreen=\"allowfullscreen\"><\/iframe><\/p>\r\n\r\n\r\n\r\n<figure class=\"wp-block-table\"><\/figure>\r\n\r\n\r\n\r\n<h3 class=\"wp-block-heading\">\u00a0<\/h3>\r\n\r\n\r\n\r\n<div class=\"wp-block-spacer\" style=\"height: 42px;\" aria-hidden=\"true\">\u00a0<\/div>\r\n\r\n\r\n\r\n<h4 class=\"wp-block-heading\">Rapport de la mission \u00ab\u00a0flash\u00a0\u00bb d&rsquo;informations sur le r\u00e9gime de s\u00e9curit\u00e9 sociale des mines &#8211; 12 mai 2021 :<\/h4>\r\n<p>\u2022 Le pr\u00e9sent rapport porte sur la situation complexe que rencontrent les mineurs retrait\u00e9s et certains actifs. Elle m\u00e9rite toute notre attention compte tenu des engagements pris par l&rsquo;\u00c9tat au profit de ces m\u00e9tiers \u00e0 forte p\u00e9nibilit\u00e9.<\/p>\r\n<p>\u2022 <a href=\"https:\/\/www2.assemblee-nationale.fr\/content\/download\/343578\/3370140\/version\/1\/file\/communication+mines+version+finale.pdf\">Vous pouvez y acc\u00e9der dans son int\u00e9gralit\u00e9<\/a><\/p>\r\n<p>\u2022 Vid\u00e9o de ma pr\u00e9sentation :<\/p>\r\n<p><iframe src=\"https:\/\/www.facebook.com\/plugins\/video.php?height=317&amp;href=https%3A%2F%2Fwww.facebook.com%2FDeputeThibaultBAZIN%2Fvideos%2F822067951732239%2F&amp;show_text=false&amp;width=560&amp;t=0\" width=\"560\" height=\"317\" frameborder=\"0\" scrolling=\"no\" allowfullscreen=\"allowfullscreen\"><\/iframe><\/p>\r\n<p>&nbsp;<\/p>\r\n\r\n\r\n\r\n<div class=\"wp-block-columns is-layout-flex wp-container-2\">\r\n<div class=\"wp-block-column is-layout-flow\" style=\"flex-basis: 100%;\">\u00a0<\/div>\r\n<\/div>\r\n\r\n\r\n\r\n\r\n\r\n<div class=\"wp-block-spacer\" style=\"height: 43px;\" aria-hidden=\"true\">\u00a0<\/div>\r\n\r\n\r\n\r\n<h4 class=\"wp-block-heading\">Rapport d&rsquo;application de la mise en <span data-dobid=\"hdw\">\u0153<\/span>uvre de la loi ELAN &#8211; 26 juin 2019 :<\/h4>\r\n\r\n\r\n\r\n<div class=\"wp-block-group is-layout-constrained\"><div class=\"wp-block-group__inner-container\">\r\n<table style=\"height: 302px; width: 100%; border-collapse: collapse;\" border=\"0\">\r\n<tbody>\r\n<tr style=\"height: 302px;\">\r\n<td style=\"width: 50%; height: 302px;\">\r\n<p>\u2022 Ce rapport effectu\u00e9 dans le cadre de la commission des affaires \u00e9conomiques portait sur la mise en application de la loi n\u00b0 2018-1021 du 23 novembre 2018 portant \u00e9volution du logement, de l&rsquo;am\u00e9nagement et du num\u00e9rique (ELAN). \u00a0 \u00a0<\/p>\r\n<p>\u2022 <a href=\"https:\/\/www.assemblee-nationale.fr\/dyn\/15\/rapports\/cion-eco\/l15b2077_rapport-information\">Vous pouvez y acc\u00e9der dans son int\u00e9gralit\u00e9<\/a><\/p>\r\n<div style=\"width: 640px;\" class=\"wp-video\"><!--[if lt IE 9]><script>document.createElement('video');<\/script><![endif]-->\n<video class=\"wp-video-shortcode\" id=\"video-11291-1\" width=\"640\" height=\"360\" preload=\"metadata\" controls=\"controls\"><source type=\"video\/mp4\" src=\"https:\/\/thibaultbazin.fr\/wp-content\/uploads\/2019\/06\/encoder2_20190626092555_1_6373331_6866745.mp4?_=1\" \/><a href=\"https:\/\/thibaultbazin.fr\/wp-content\/uploads\/2019\/06\/encoder2_20190626092555_1_6373331_6866745.mp4\">https:\/\/thibaultbazin.fr\/wp-content\/uploads\/2019\/06\/encoder2_20190626092555_1_6373331_6866745.mp4<\/a><\/video><\/div>\r\n<p>&nbsp;<\/p>\r\n<\/td>\r\n<td style=\"width: 50%; height: 302px;\">\u00a0<\/td>\r\n<\/tr>\r\n<\/tbody>\r\n<\/table>\r\n<\/div><\/div>\r\n\r\n\r\n\r\n<p>&nbsp;<\/p>\r\n\r\n\r\n\r\n<div class=\"wp-block-spacer\" style=\"height: 44px;\" aria-hidden=\"true\">\u00a0<\/div>\r\n\r\n\r\n\r\n<h4>Rapport de la mission d&rsquo;information r\u00e9alis\u00e9e au Tchad en avril 2019 :<\/h4>\r\n<p>Ce rapport\u00a0 d&rsquo;information fait suite \u00e0 ma visite au Tchad en 2019. Il porte sur les liens qui unissent nos deux pays, qu&rsquo;ils soient \u00e9conomiques ou militaires.\u00a0<\/p>\r\n<p>\u2022 <a href=\"https:\/\/www2.assemblee-nationale.fr\/static\/15\/cr_groupes_amitie\/tchad_avril2019.pdf?fbclid=IwAR0b1wtW2Fz8ohIweXG1cv7_pbmV6jjZjDW-UFguCiiAHDVSN5aA2TiKG1w\">Vous pouvez y acc\u00e9der dans son int\u00e9gralit\u00e9<\/a><\/p>\r\n<p><img fetchpriority=\"high\" decoding=\"async\" width=\"300\" height=\"169\" class=\"wp-image-11294\" src=\"https:\/\/thibaultbazin.fr\/wp-content\/uploads\/2021\/08\/TCHAD-2-300x169.jpg\" alt=\"\" srcset=\"https:\/\/thibaultbazin.fr\/wp-content\/uploads\/2021\/08\/TCHAD-2-300x169.jpg 300w, https:\/\/thibaultbazin.fr\/wp-content\/uploads\/2021\/08\/TCHAD-2-768x432.jpg 768w, https:\/\/thibaultbazin.fr\/wp-content\/uploads\/2021\/08\/TCHAD-2.jpg 960w\" sizes=\"(max-width: 300px) 100vw, 300px\" \/><img decoding=\"async\" src=\"https:\/\/thibaultbazin.fr\/wp-content\/uploads\/2021\/08\/TCHAD-1-300x169.jpg\" alt=\"L\u2019attribut alt de cette image est vide, son nom de fichier est TCHAD-1-300x169.jpg.\" \/><\/p>\r\n\r\n\r\n\r\n<p>&nbsp;<\/p>\r\n\r\n\r\n\r\n<div class=\"wp-block-spacer\" style=\"height: 100px;\" aria-hidden=\"true\">\u00a0<\/div>\r\n\r\n\r\n\r\n<p>&nbsp;<\/p>\r\n\r\n\r\n\r\n<h4>Contribution \u00e0 la mission d&rsquo;information sur la cyber-d\u00e9fense en 2018 :<\/h4>\r\n\r\n\r\n\r\n<figure class=\"wp-block-table\">\r\n<table class=\"has-fixed-layout\" style=\"height: 351px; width: 32.2298%;\" border=\"0\">\r\n<tbody>\r\n<tr>\r\n<td style=\"width: 839px;\">\r\n<p>\u2022 Ce rapport\u00a0vise \u00e0\u00a0\u00a0mettre en place les moyens informatiques et humains de notre souverainet\u00e9 num\u00e9rique<\/p>\r\n<p>&nbsp;<\/p>\r\n<p><iframe src=\"https:\/\/www.facebook.com\/plugins\/video.php?height=314&amp;href=https%3A%2F%2Fwww.facebook.com%2FDeputeThibaultBAZIN%2Fvideos%2F433935933746777%2F&amp;show_text=false&amp;width=560&amp;t=0\" width=\"560\" height=\"314\" frameborder=\"0\" scrolling=\"no\" allowfullscreen=\"allowfullscreen\"><\/iframe><\/p>\r\n<p>&nbsp;<\/p>\r\n<\/td>\r\n<\/tr>\r\n<\/tbody>\r\n<\/table>\r\n<\/figure>\r\n<p>&nbsp;<\/p>\r\n\r\n\r\n\r\n<p>&nbsp;<\/p>\r\n\r\n\r\n\r\n<p>&nbsp;<\/p>\r\n\r\n\r\n\r\n<div class=\"wp-block-spacer\" style=\"height: 69px;\" aria-hidden=\"true\">\u00a0<\/div>\r\n\r\n\r\n\r\n<h4>Contribution \u00e0 la Mission d&rsquo;information sur l&rsquo;ex\u00e9cution de la loi de programmation militaire de 2018 :<\/h4>\r\n<p>Ce rapport vise \u00e0 tirer les enseignements du pass\u00e9 pour ne pas commettre les m\u00eames erreurs et mieux g\u00e9rer les deniers publics.<\/p>\r\n<p>\u2022 <a href=\"https:\/\/www.assemblee-nationale.fr\/dyn\/15\/rapports\/cion_def\/l15b0718_rapport-information\">Vous pouvez y acc\u00e9der dans son int\u00e9gralit\u00e9<\/a><\/p>\r\n<p>\u2022 Vid\u00e9o de ma pr\u00e9sentation :<\/p>\r\n<p><iframe src=\"https:\/\/www.facebook.com\/plugins\/video.php?height=314&amp;href=https%3A%2F%2Fwww.facebook.com%2FDeputeThibaultBAZIN%2Fvideos%2F366738583799846%2F&amp;show_text=false&amp;width=560&amp;t=0\" width=\"560\" height=\"314\" frameborder=\"0\" scrolling=\"no\" allowfullscreen=\"allowfullscreen\"><\/iframe><\/p>\r\n\r\n\r\n\r\n<p>&nbsp;<\/p>\r\n\r\n\r\n\r\n<p>&nbsp;<\/p>\r\n\r\n\r\n\r\n\r\n\r\n<div class=\"wp-block-spacer\" style=\"height: 77px;\" aria-hidden=\"true\">\u00a0<\/div>\r\n\r\n\r\n\r\n<h4><strong>Contribution \u00e0 la mission d\u2019information sur l\u2019adaptation de la politique familiale fran\u00e7aise aux d\u00e9fis de la soci\u00e9t\u00e9 du XXIe si\u00e8cle :<\/strong><\/h4>\r\n\r\n\r\n\r\n<p><span style=\"font-family: arial, helvetica, sans-serif;\">\u2022 Ce rapport\u00a0contribue \u00e0 soutenir les familles qui sont l&rsquo;avenir de la France en ce qu&rsquo;elles sont le premier g\u00e9n\u00e9rateur de liens sociaux<\/span><\/p>\r\n\r\n\r\n\r\n<p><span style=\"font-family: arial, helvetica, sans-serif;\">\u2022 <a href=\"https:\/\/www.assemblee-nationale.fr\/dyn\/15\/rapports\/polfamf\/l15b3168_rapport-information\">Vous pouvez y acc\u00e9der dans son int\u00e9gralit\u00e9<\/a><\/span><\/p>\r\n\r\n\r\n\r\n<div class=\"wp-block-spacer\" style=\"height: 100px;\" aria-hidden=\"true\">\u00a0<\/div>\r\n\r\n\r\n\r\n<div class=\"wp-block-spacer\" style=\"height: 100px;\" aria-hidden=\"true\">\u00a0<\/div>\r\n","protected":false},"excerpt":{"rendered":"<p>MANDAT 2024-2029 Vous trouverez ci-apr\u00e8s 1 rapport et contribution\u00a0qui concourent \u00e0 ma mission de parlementaire. En effet, ils visent \u00e0 \u00e9valuer les politiques publiques et \u00e0 contribuer au travail l\u00e9gislatif.\u00a0Si la pr\u00e9sentation du rapport revient \u00e0 un ou deux d\u00e9put\u00e9s, la mission d\u2019information peut associer davantage de parlementaires. Elle peut \u00eatre d\u00e9cid\u00e9e soit par le&hellip; <br \/> <a class=\"button small blue\" href=\"https:\/\/thibaultbazin.fr\/index.php\/mes-rapports\/\">Lire la suite<\/a><\/p>\n","protected":false},"author":2,"featured_media":0,"parent":0,"menu_order":0,"comment_status":"closed","ping_status":"closed","template":"","meta":[],"amp_enabled":true,"_links":{"self":[{"href":"https:\/\/thibaultbazin.fr\/index.php\/wp-json\/wp\/v2\/pages\/11291"}],"collection":[{"href":"https:\/\/thibaultbazin.fr\/index.php\/wp-json\/wp\/v2\/pages"}],"about":[{"href":"https:\/\/thibaultbazin.fr\/index.php\/wp-json\/wp\/v2\/types\/page"}],"author":[{"embeddable":true,"href":"https:\/\/thibaultbazin.fr\/index.php\/wp-json\/wp\/v2\/users\/2"}],"replies":[{"embeddable":true,"href":"https:\/\/thibaultbazin.fr\/index.php\/wp-json\/wp\/v2\/comments?post=11291"}],"version-history":[{"count":53,"href":"https:\/\/thibaultbazin.fr\/index.php\/wp-json\/wp\/v2\/pages\/11291\/revisions"}],"predecessor-version":[{"id":30497,"href":"https:\/\/thibaultbazin.fr\/index.php\/wp-json\/wp\/v2\/pages\/11291\/revisions\/30497"}],"wp:attachment":[{"href":"https:\/\/thibaultbazin.fr\/index.php\/wp-json\/wp\/v2\/media?parent=11291"}],"curies":[{"name":"wp","href":"https:\/\/api.w.org\/{rel}","templated":true}]}}