{"id":1413,"date":"2018-01-16T13:07:41","date_gmt":"2018-01-16T12:07:41","guid":{"rendered":"http:\/\/thibaultbazin.fr\/?page_id=1413"},"modified":"2026-03-04T17:24:43","modified_gmt":"2026-03-04T16:24:43","slug":"mon-equipe-parlementaire","status":"publish","type":"page","link":"https:\/\/thibaultbazin.fr\/index.php\/mon-equipe-parlementaire\/","title":{"rendered":"Mon \u00e9quipe parlementaire"},"content":{"rendered":"\r\n<figure>\r\n<table style=\"height: 1106px;\" width=\"933\">\r\n<tbody>\r\n<tr>\r\n<td>\r\n<p>&nbsp;<\/p>\r\n<p><a href=\"https:\/\/thibaultbazin.fr\/wp-content\/uploads\/2025\/04\/IMG_2389.jpg\"><img decoding=\"async\" src=\"https:\/\/thibaultbazin.fr\/wp-content\/uploads\/2025\/04\/IMG_2389-150x150.jpg\" alt=\"\" width=\"150\" height=\"150\" \/><\/a><\/p>\r\n<\/td>\r\n<td>\r\n<p><em><strong>Isabelle ANDR\u00c9, secr\u00e9taire parlementaire en circonscription<\/strong><\/em><\/p>\r\n<p style=\"text-align: justify;\">Auparavant, secr\u00e9taire m\u00e9dicale, je rejoins ensuite la permanence parlementaire en 2003 avec Fran\u00e7ois GUILLAUME puis Jacques LAMBLIN \u00e0 partir de 2007.<\/p>\r\n<p style=\"text-align: justify;\">Je suis charg\u00e9e de l\u2019accueil, des prises de rendez-vous et de la programmation de l\u2019agenda.<\/p>\r\n<p style=\"text-align: justify;\">Je suis \u00e0 votre disposition \u00e0 la permanence parlementaire \u00e0 Lun\u00e9ville.<\/p>\r\n<p><a href=\"https:\/\/thibaultbazin.fr\/index.php\/me-contacter\/\"><strong>Contacter la permanence parlementaire<\/strong><\/a><\/p>\r\n<hr \/><\/td>\r\n<\/tr>\r\n<tr>\r\n<td>\r\n<p>&nbsp;<\/p>\r\n<p><a href=\"https:\/\/thibaultbazin.fr\/wp-content\/uploads\/2025\/04\/20240911163411.jpg\"><img decoding=\"async\" src=\"https:\/\/thibaultbazin.fr\/wp-content\/uploads\/2025\/04\/20240911163411-150x150.jpg\" alt=\"\" width=\"150\" height=\"150\" \/><\/a><\/p>\r\n<\/td>\r\n<td>\r\n<p><strong>Julie LASSUS, collaboratrice \u00e0 Paris et en circonscription<\/strong><\/p>\r\n<p>Titulaire d\u2019un Master en Management de l&rsquo;EDHEC Business School<\/p>\r\n<p>Je suis charg\u00e9e du suivi des dossiers li\u00e9s \u00e0 la transition environnementale.<\/p>\r\n<\/td>\r\n<\/tr>\r\n<tr>\r\n<td>\u00a0<img fetchpriority=\"high\" decoding=\"async\" src=\"https:\/\/thibaultbazin.fr\/wp-content\/uploads\/2017\/03\/photo-GMV.jpg\" alt=\"\" width=\"319\" height=\"213\" \/><\/td>\r\n<td>\r\n<p><em><strong>Geoffrey MERESSE-VOLLEAUX, collaborateur parlementaire en circonscription<\/strong><\/em><\/p>\r\n<p>Titulaire d\u2019une licence et d\u2019un Master 1 en Droit public, puis d\u2019un Master 2 en Droit fiscal.<\/p>\r\n<p>Je suis charg\u00e9 du suivi des affaires parlementaires et dossiers locaux.<\/p>\r\n<p>Collaborateur parlementaire mobile, je suis \u00e0 votre disposition dans toute la circonscription.<\/p>\r\n<p><a href=\"https:\/\/thibaultbazin.fr\/index.php\/contacter-geoffrey-meresse-volleaux\/\"><strong>Contacter Geoffrey MERESSE-VOLLEAUX<\/strong><\/a><\/p>\r\n<\/td>\r\n<\/tr>\r\n<!-- Nouvelle ligne ins\u00e9r\u00e9e ici -->\r\n<tr>\r\n<td>\r\n<p>&nbsp;<\/p>\r\n<p><a href=\"https:\/\/thibaultbazin.fr\/wp-content\/uploads\/2025\/05\/WhatsApp-Image-2025-05-30-a-16.43.18_a401b775.jpg\"><img loading=\"lazy\" decoding=\"async\" src=\"https:\/\/thibaultbazin.fr\/wp-content\/uploads\/2025\/05\/WhatsApp-Image-2025-05-30-a-16.43.18_a401b775-150x150.jpg\" alt=\"\" width=\"150\" height=\"150\" \/><\/a><\/p>\r\n<\/td>\r\n<td>\r\n<p><strong><em>Bruniss\u00e8ne PETIT-JEAN, collaboratrice parlementaire \u00e0 Paris<\/em><\/strong><\/p>\r\n<p>Titulaire d\u2019un Master en Management de l\u2019ESSEC Business School apr\u00e8s deux ans de classe pr\u00e9paratoire litt\u00e9raire au Lyc\u00e9e Louis-Le-Grand.<\/p>\r\n<p>Je suis charg\u00e9e du suivi des affaires parlementaires et des dossiers nationaux, en particulier ceux relatifs aux affaires sociales.<\/p>\r\n<\/td>\r\n<\/tr>\r\n<\/tbody>\r\n<\/table>\r\n<table style=\"height: 295px;\" width=\"934\">\r\n<tbody>\r\n<tr>\r\n<td>\r\n<p>&nbsp;<\/p>\r\n<p><a href=\"https:\/\/thibaultbazin.fr\/wp-content\/uploads\/2026\/02\/IMG_4509-scaled.jpeg\"><img loading=\"lazy\" decoding=\"async\" class=\"alignleft\" src=\"https:\/\/thibaultbazin.fr\/wp-content\/uploads\/2026\/02\/IMG_4509-300x300.jpeg\" alt=\"\" width=\"300\" height=\"300\" \/><\/a><\/p>\r\n<\/td>\r\n<td>\r\n<p><strong><em>Sasha RICHARD, collaborateur parlementaire en circonscription<\/em><\/strong><\/p>\r\n<p>En tant que collaborateur parlementaire en charge de la communication, j\u2019assure le suivi et la diffusion du travail parlementaire de Thibault Bazin \u00e0 l\u2019Assembl\u00e9e nationale et en circonscription.\u00a0<\/p>\r\n<p>Afin d\u2019en garantir la clart\u00e9, la transparence et l\u2019accessibilit\u00e9 pour tous les citoyens.\u00a0<\/p>\r\n<\/td>\r\n<\/tr>\r\n<\/tbody>\r\n<\/table>\r\n<p>&nbsp;<\/p>\r\n<table style=\"height: 295px;\" width=\"934\">\r\n<tbody>\r\n<tr>\r\n<td>\r\n<p>&nbsp;<\/p>\r\n<p><a href=\"https:\/\/thibaultbazin.fr\/wp-content\/uploads\/2026\/02\/2DD3B022-DCFF-4D42-9DC6-CA23FD05FECF.jpeg\"><img loading=\"lazy\" decoding=\"async\" class=\"alignleft  wp-image-30722\" src=\"https:\/\/thibaultbazin.fr\/wp-content\/uploads\/2026\/02\/2DD3B022-DCFF-4D42-9DC6-CA23FD05FECF.jpeg\" alt=\"\" width=\"186\" height=\"254\" \/><\/a><\/p>\r\n<\/td>\r\n<td>\r\n<p><strong><em>Wenceslas AUBRY, collaborateur parlementaire a Paris<\/em><\/strong><\/p>\r\n<div><span style=\"color: #666666; font-family: Source Sans Pro,sans-serif;\">Titulaire d\u2019un Master en Affaires Publiques Nationales et Europ\u00e9ennes \u00e0 l\u2019Institut Catholique.<\/span><\/div>\r\n<div>\u00a0<\/div>\r\n<div><span style=\"color: #666666; font-family: Source Sans Pro,sans-serif;\">Je suis charg\u00e9 du suivi des affaires parlementaires et des dossiers nationaux, en particulier ceux relatifs aux affaires sociales.<\/span><\/div>\r\n<\/td>\r\n<\/tr>\r\n<\/tbody>\r\n<\/table>\r\n<p>&nbsp;<\/p>\r\n<\/figure>\r\n<p>&nbsp;<\/p>\r\n<p>&nbsp;<\/p>\r\n\r\n\r\n\r\n<figure><\/figure>\r\n","protected":false},"excerpt":{"rendered":"<p>&nbsp; Isabelle ANDR\u00c9, secr\u00e9taire parlementaire en circonscription Auparavant, secr\u00e9taire m\u00e9dicale, je rejoins ensuite la permanence parlementaire en 2003 avec Fran\u00e7ois GUILLAUME puis Jacques LAMBLIN \u00e0 partir de 2007. Je suis charg\u00e9e de l\u2019accueil, des prises de rendez-vous et de la programmation de l\u2019agenda. Je suis \u00e0 votre disposition \u00e0 la permanence parlementaire \u00e0 Lun\u00e9ville. Contacter&hellip; <br \/> <a class=\"button small blue\" href=\"https:\/\/thibaultbazin.fr\/index.php\/mon-equipe-parlementaire\/\">Lire la suite<\/a><\/p>\n","protected":false},"author":2,"featured_media":0,"parent":0,"menu_order":0,"comment_status":"closed","ping_status":"closed","template":"","meta":[],"amp_enabled":true,"_links":{"self":[{"href":"https:\/\/thibaultbazin.fr\/index.php\/wp-json\/wp\/v2\/pages\/1413"}],"collection":[{"href":"https:\/\/thibaultbazin.fr\/index.php\/wp-json\/wp\/v2\/pages"}],"about":[{"href":"https:\/\/thibaultbazin.fr\/index.php\/wp-json\/wp\/v2\/types\/page"}],"author":[{"embeddable":true,"href":"https:\/\/thibaultbazin.fr\/index.php\/wp-json\/wp\/v2\/users\/2"}],"replies":[{"embeddable":true,"href":"https:\/\/thibaultbazin.fr\/index.php\/wp-json\/wp\/v2\/comments?post=1413"}],"version-history":[{"count":92,"href":"https:\/\/thibaultbazin.fr\/index.php\/wp-json\/wp\/v2\/pages\/1413\/revisions"}],"predecessor-version":[{"id":30732,"href":"https:\/\/thibaultbazin.fr\/index.php\/wp-json\/wp\/v2\/pages\/1413\/revisions\/30732"}],"wp:attachment":[{"href":"https:\/\/thibaultbazin.fr\/index.php\/wp-json\/wp\/v2\/media?parent=1413"}],"curies":[{"name":"wp","href":"https:\/\/api.w.org\/{rel}","templated":true}]}}