{"id":20189,"date":"2023-04-06T14:33:57","date_gmt":"2023-04-06T12:33:57","guid":{"rendered":"https:\/\/thibaultbazin.fr\/?page_id=20189"},"modified":"2025-08-05T09:16:10","modified_gmt":"2025-08-05T07:16:10","slug":"questions-orales-au-gouvernement","status":"publish","type":"page","link":"https:\/\/thibaultbazin.fr\/index.php\/questions-orales-au-gouvernement\/","title":{"rendered":"Questions orales au gouvernement"},"content":{"rendered":"\r\n<h3><strong>QUESTIONS AU GOUVERNEMENT DE LA L\u00c9GISLATURE 2024-2029<\/strong><\/h3>\r\n<p><strong>Ma question au gouvernement du 1er avril 2025<\/strong><\/p>\r\n<div style=\"width: 1280px;\" class=\"wp-video\"><!--[if lt IE 9]><script>document.createElement('video');<\/script><![endif]-->\n<video class=\"wp-video-shortcode\" id=\"video-20189-1\" width=\"1280\" height=\"720\" preload=\"metadata\" controls=\"controls\"><source type=\"video\/mp4\" src=\"https:\/\/thibaultbazin.fr\/wp-content\/uploads\/2025\/08\/hemi_20250401084913_1_9150770_9524230.mp4?_=1\" \/><a href=\"https:\/\/thibaultbazin.fr\/wp-content\/uploads\/2025\/08\/hemi_20250401084913_1_9150770_9524230.mp4\">https:\/\/thibaultbazin.fr\/wp-content\/uploads\/2025\/08\/hemi_20250401084913_1_9150770_9524230.mp4<\/a><\/video><\/div>\r\n<h3><strong>QUESTIONS AU GOUVERNEMENT DE LA L\u00c9GISLATURE 2022-2024<\/strong><\/h3>\r\n<p><strong>Ma question au gouvernement du 2 avril 2024<br \/><\/strong><\/p>\r\n<div style=\"width: 1280px;\" class=\"wp-video\"><video class=\"wp-video-shortcode\" id=\"video-20189-2\" width=\"1280\" height=\"720\" preload=\"metadata\" controls=\"controls\"><source type=\"video\/mp4\" src=\"https:\/\/thibaultbazin.fr\/wp-content\/uploads\/2024\/04\/source_14938962_3248700_35292101.mp4?_=2\" \/><a href=\"https:\/\/thibaultbazin.fr\/wp-content\/uploads\/2024\/04\/source_14938962_3248700_35292101.mp4\">https:\/\/thibaultbazin.fr\/wp-content\/uploads\/2024\/04\/source_14938962_3248700_35292101.mp4<\/a><\/video><\/div>\r\n<p><strong>Ma question au gouvernement du 14 novembre 2023<\/strong><\/p>\r\n<div style=\"width: 1280px;\" class=\"wp-video\"><video class=\"wp-video-shortcode\" id=\"video-20189-3\" width=\"1280\" height=\"720\" preload=\"metadata\" controls=\"controls\"><source type=\"video\/mp4\" src=\"https:\/\/thibaultbazin.fr\/wp-content\/uploads\/2023\/11\/source_14269014_1831460_21167601.mp4?_=3\" \/><a href=\"https:\/\/thibaultbazin.fr\/wp-content\/uploads\/2023\/11\/source_14269014_1831460_21167601.mp4\">https:\/\/thibaultbazin.fr\/wp-content\/uploads\/2023\/11\/source_14269014_1831460_21167601.mp4<\/a><\/video><\/div>\r\n<p><strong>Ma question au gouvernement du 23 mai 2023<br \/><\/strong><\/p>\r\n<div style=\"width: 1280px;\" class=\"wp-video\"><video class=\"wp-video-shortcode\" id=\"video-20189-4\" width=\"1280\" height=\"720\" preload=\"metadata\" controls=\"controls\"><source type=\"video\/mp4\" src=\"https:\/\/thibaultbazin.fr\/wp-content\/uploads\/2023\/05\/source_13444945_4414520_4682215.mp4?_=4\" \/><a href=\"https:\/\/thibaultbazin.fr\/wp-content\/uploads\/2023\/05\/source_13444945_4414520_4682215.mp4\">https:\/\/thibaultbazin.fr\/wp-content\/uploads\/2023\/05\/source_13444945_4414520_4682215.mp4<\/a><\/video><\/div>\r\n<p><strong>Ma question orale sans d\u00e9bat du 17 janvier 2023<br \/><\/strong><\/p>\r\n<div style=\"width: 1280px;\" class=\"wp-video\"><video class=\"wp-video-shortcode\" id=\"video-20189-5\" width=\"1280\" height=\"720\" preload=\"metadata\" controls=\"controls\"><source type=\"video\/mp4\" src=\"https:\/\/thibaultbazin.fr\/wp-content\/uploads\/2023\/01\/source_12729515_3060823_34291891.mp4?_=5\" \/><a href=\"https:\/\/thibaultbazin.fr\/wp-content\/uploads\/2023\/01\/source_12729515_3060823_34291891.mp4\">https:\/\/thibaultbazin.fr\/wp-content\/uploads\/2023\/01\/source_12729515_3060823_34291891.mp4<\/a><\/video><\/div>\r\n<p><strong>Ma question au gouvernement du 19 juillet 2022<br \/><\/strong><\/p>\r\n<div style=\"width: 1280px;\" class=\"wp-video\"><video class=\"wp-video-shortcode\" id=\"video-20189-6\" width=\"1280\" height=\"720\" preload=\"metadata\" controls=\"controls\"><source type=\"video\/mp4\" src=\"https:\/\/thibaultbazin.fr\/wp-content\/uploads\/2022\/07\/source_12062827_5670155_5908433.mp4?_=6\" \/><a href=\"https:\/\/thibaultbazin.fr\/wp-content\/uploads\/2022\/07\/source_12062827_5670155_5908433.mp4\">https:\/\/thibaultbazin.fr\/wp-content\/uploads\/2022\/07\/source_12062827_5670155_5908433.mp4<\/a><\/video><\/div>\r\n<p><strong>QUESTIONS AU GOUVERNEMENT DE LA L\u00c9GISLATURE 2017-2022<br \/><\/strong><\/p>\r\n<p><strong>Ma question au gouvernement du 1 f\u00e9vrier 2022<br \/><\/strong><\/p>\r\n<p><iframe src=\"https:\/\/www.facebook.com\/plugins\/video.php?height=314&amp;href=https%3A%2F%2Fwww.facebook.com%2FDeputeThibaultBAZIN%2Fvideos%2F1086292088581249%2F&amp;show_text=false&amp;width=560&amp;t=0\" width=\"560\" height=\"314\" frameborder=\"0\" scrolling=\"no\" allowfullscreen=\"allowfullscreen\" data-mce-fragment=\"1\"><\/iframe><\/p>\r\n<p><strong>Ma question au gouvernement du 19 octobre 2021<\/strong><\/p>\r\n<div style=\"width: 1280px;\" class=\"wp-video\"><video class=\"wp-video-shortcode\" id=\"video-20189-7\" width=\"1280\" height=\"720\" preload=\"metadata\" controls=\"controls\"><source type=\"video\/mp4\" src=\"https:\/\/thibaultbazin.fr\/wp-content\/uploads\/2021\/10\/source_11339835_1566330_1875760.mp4?_=7\" \/><a href=\"https:\/\/thibaultbazin.fr\/wp-content\/uploads\/2021\/10\/source_11339835_1566330_1875760.mp4\">https:\/\/thibaultbazin.fr\/wp-content\/uploads\/2021\/10\/source_11339835_1566330_1875760.mp4<\/a><\/video><\/div>\r\n<p><strong>Ma question au gouvernement du 21 septembre 2021<\/strong><\/p>\r\n<div style=\"width: 1280px;\" class=\"wp-video\"><video class=\"wp-video-shortcode\" id=\"video-20189-8\" width=\"1280\" height=\"720\" preload=\"metadata\" controls=\"controls\"><source type=\"video\/mp4\" src=\"https:\/\/thibaultbazin.fr\/wp-content\/uploads\/2021\/09\/source_11186839_6802499_7034343.mp4?_=8\" \/><a href=\"https:\/\/thibaultbazin.fr\/wp-content\/uploads\/2021\/09\/source_11186839_6802499_7034343.mp4\">https:\/\/thibaultbazin.fr\/wp-content\/uploads\/2021\/09\/source_11186839_6802499_7034343.mp4<\/a><\/video><\/div>\r\n<p><strong>Ma question au Gouvernement du 06 juillet 2021<\/strong><\/p>\r\n<p><iframe src=\"https:\/\/www.facebook.com\/plugins\/video.php?height=311&amp;href=https%3A%2F%2Fwww.facebook.com%2FDeputeThibaultBAZIN%2Fvideos%2F3157674921135122%2F&amp;show_text=false&amp;width=560&amp;t=0\" width=\"560\" height=\"311\" frameborder=\"0\" scrolling=\"no\" allowfullscreen=\"allowfullscreen\" data-mce-fragment=\"1\"><\/iframe><\/p>\r\n<p><strong>Ma question au Gouvernement du 06 juillet 2021<\/strong><\/p>\r\n<p><iframe src=\"https:\/\/www.facebook.com\/plugins\/video.php?height=311&amp;href=https%3A%2F%2Fwww.facebook.com%2FDeputeThibaultBAZIN%2Fvideos%2F3157674921135122%2F&amp;show_text=false&amp;width=560&amp;t=0\" width=\"560\" height=\"311\" frameborder=\"0\" scrolling=\"no\" allowfullscreen=\"allowfullscreen\" data-mce-fragment=\"1\"><\/iframe><\/p>\r\n<p><strong>Ma question au Gouvernement du 16 mars 2021<br \/><\/strong><\/p>\r\n<div style=\"width: 1280px;\" class=\"wp-video\"><video class=\"wp-video-shortcode\" id=\"video-20189-9\" width=\"1280\" height=\"720\" preload=\"metadata\" controls=\"controls\"><source type=\"video\/mp4\" src=\"https:\/\/thibaultbazin.fr\/wp-content\/uploads\/2021\/03\/source_10498385_810000_1082403.mp4?_=9\" \/><a href=\"https:\/\/thibaultbazin.fr\/wp-content\/uploads\/2021\/03\/source_10498385_810000_1082403.mp4\">https:\/\/thibaultbazin.fr\/wp-content\/uploads\/2021\/03\/source_10498385_810000_1082403.mp4<\/a><\/video><\/div>\r\n<p><strong>Ma question au gouvernement du 15 d\u00e9cembre 2020<\/strong><\/p>\r\n<p><iframe src=\"https:\/\/www.facebook.com\/plugins\/video.php?height=314&amp;href=https%3A%2F%2Fwww.facebook.com%2FDeputeThibaultBAZIN%2Fvideos%2F2438637739778277%2F&amp;show_text=false&amp;width=560&amp;t=0\" width=\"560\" height=\"314\" frameborder=\"0\" scrolling=\"no\" allowfullscreen=\"allowfullscreen\" data-mce-fragment=\"1\"><\/iframe><\/p>\r\n<p><strong>Ma question au Gouvernement du 21 juillet 2020<\/strong><\/p>\r\n<div style=\"width: 854px;\" class=\"wp-video\"><video class=\"wp-video-shortcode\" id=\"video-20189-10\" width=\"854\" height=\"480\" preload=\"metadata\" controls=\"controls\"><source type=\"video\/mp4\" src=\"https:\/\/thibaultbazin.fr\/wp-content\/uploads\/2020\/07\/source_9372502_6492599_6751803.mp4?_=10\" \/><a href=\"https:\/\/thibaultbazin.fr\/wp-content\/uploads\/2020\/07\/source_9372502_6492599_6751803.mp4\">https:\/\/thibaultbazin.fr\/wp-content\/uploads\/2020\/07\/source_9372502_6492599_6751803.mp4<\/a><\/video><\/div>\r\n<p><strong>Ma question au Gouvernement du 09 juin 2020<\/strong><\/p>\r\n<p><iframe src=\"https:\/\/www.facebook.com\/plugins\/video.php?height=314&amp;href=https%3A%2F%2Fwww.facebook.com%2FDeputeThibaultBAZIN%2Fvideos%2F254125042560071%2F&amp;show_text=false&amp;width=560&amp;t=0\" width=\"560\" height=\"314\" frameborder=\"0\" scrolling=\"no\" allowfullscreen=\"allowfullscreen\" data-mce-fragment=\"1\"><\/iframe><\/p>\r\n<p><strong>Ma question au Gouvernement du 8 juin 2020<\/strong><\/p>\r\n<p><iframe src=\"https:\/\/www.facebook.com\/plugins\/video.php?height=314&amp;href=https%3A%2F%2Fwww.facebook.com%2FDeputeThibaultBAZIN%2Fvideos%2F2708451026078984%2F&amp;show_text=false&amp;width=560&amp;t=0\" width=\"560\" height=\"314\" frameborder=\"0\" scrolling=\"no\" allowfullscreen=\"allowfullscreen\" data-mce-fragment=\"1\"><\/iframe><\/p>\r\n<p><strong>Ma question au Gouvernement du 8 juin 2020<\/strong><\/p>\r\n<p><iframe src=\"https:\/\/www.facebook.com\/plugins\/video.php?height=314&amp;href=https%3A%2F%2Fwww.facebook.com%2FDeputeThibaultBAZIN%2Fvideos%2F2708451026078984%2F&amp;show_text=false&amp;width=560&amp;t=0\" width=\"560\" height=\"314\" frameborder=\"0\" scrolling=\"no\" allowfullscreen=\"allowfullscreen\" data-mce-fragment=\"1\"><\/iframe><\/p>\r\n<p><strong>Ma question au Gouvernement de 2 juin 2020<\/strong><\/p>\r\n<p><iframe src=\"https:\/\/www.facebook.com\/plugins\/video.php?height=314&amp;href=https%3A%2F%2Fwww.facebook.com%2FDeputeThibaultBAZIN%2Fvideos%2F560955134621867%2F&amp;show_text=false&amp;width=560&amp;t=0\" width=\"560\" height=\"314\" frameborder=\"0\" scrolling=\"no\" allowfullscreen=\"allowfullscreen\" data-mce-fragment=\"1\"><\/iframe><\/p>\r\n<p><strong>Ma question au Gouvernement du 18 mai 2020<\/strong><\/p>\r\n<p><iframe src=\"https:\/\/www.facebook.com\/plugins\/video.php?height=315&amp;href=https%3A%2F%2Fwww.facebook.com%2FDeputeThibaultBAZIN%2Fvideos%2F575672339725890%2F&amp;show_text=false&amp;width=560&amp;t=0\" width=\"560\" height=\"315\" frameborder=\"0\" scrolling=\"no\" allowfullscreen=\"allowfullscreen\" data-mce-fragment=\"1\"><\/iframe><\/p>\r\n<p><strong>Ma question orale sans d\u00e9bat du 11 f\u00e9vrier 2020<\/strong><\/p>\r\n<p>https:\/\/www.facebook.com\/DeputeThibaultBAZIN\/videos\/488797381785964\/<\/p>\r\n<p><strong>Ma question au Gouvernement du 05 f\u00e9vrier 2020<\/strong><\/p>\r\n<p><iframe src=\"https:\/\/www.facebook.com\/plugins\/video.php?height=316&amp;href=https%3A%2F%2Fwww.facebook.com%2FDeputeThibaultBAZIN%2Fvideos%2F772564533236447%2F&amp;show_text=false&amp;width=560&amp;t=0\" width=\"560\" height=\"316\" frameborder=\"0\" scrolling=\"no\" allowfullscreen=\"allowfullscreen\" data-mce-fragment=\"1\"><\/iframe><\/p>\r\n<p><strong>Ma question au Gouvernement du 7 janvier 2020<\/strong><\/p>\r\n<div style=\"width: 426px;\" class=\"wp-video\"><video class=\"wp-video-shortcode\" id=\"video-20189-11\" width=\"426\" height=\"240\" preload=\"metadata\" controls=\"controls\"><source type=\"video\/mp4\" src=\"https:\/\/thibaultbazin.fr\/wp-content\/uploads\/2020\/01\/Mon-film.mp4?_=11\" \/><a href=\"https:\/\/thibaultbazin.fr\/wp-content\/uploads\/2020\/01\/Mon-film.mp4\">https:\/\/thibaultbazin.fr\/wp-content\/uploads\/2020\/01\/Mon-film.mp4<\/a><\/video><\/div>\r\n<p><strong>Ma question au Gouvernement du 10 d\u00e9cembre 2019<\/strong><\/p>\r\n<div style=\"width: 854px;\" class=\"wp-video\"><video class=\"wp-video-shortcode\" id=\"video-20189-12\" width=\"854\" height=\"480\" preload=\"metadata\" controls=\"controls\"><source type=\"video\/mp4\" src=\"https:\/\/thibaultbazin.fr\/wp-content\/uploads\/2019\/12\/source_8527304_2959040_3218620.mp4?_=12\" \/><a href=\"https:\/\/thibaultbazin.fr\/wp-content\/uploads\/2019\/12\/source_8527304_2959040_3218620.mp4\">https:\/\/thibaultbazin.fr\/wp-content\/uploads\/2019\/12\/source_8527304_2959040_3218620.mp4<\/a><\/video><\/div>\r\n<p><strong>Ma question au Gouvernement du 15 mai 2019<\/strong><\/p>\r\n<p>https:\/\/www.facebook.com\/DeputeThibaultBAZIN\/videos\/603345193483382\/<\/p>\r\n<p><strong>Ma question au Gouvernement du 29 janvier 2019<\/strong><\/p>\r\n<p><iframe title=\"Question orale au gouvernement - d\u00e9sertification bancaire dans nos territoires ruraux\" width=\"1778\" height=\"1000\" src=\"https:\/\/www.youtube.com\/embed\/OxWqBoyQ6_I?start=2&#038;feature=oembed\" frameborder=\"0\" allow=\"accelerometer; autoplay; clipboard-write; encrypted-media; gyroscope; picture-in-picture; web-share\" referrerpolicy=\"strict-origin-when-cross-origin\" allowfullscreen><\/iframe><\/p>\r\n<p><strong>Ma question au Gouvernement du 21 novembre 2018<\/strong><\/p>\r\n<p><iframe title=\"Question d&#039;Actualit\u00e9 au Gouvernement - D\u00e9put\u00e9 Thibault BAZIN - 21 novembre 2018\" width=\"1778\" height=\"1000\" src=\"https:\/\/www.youtube.com\/embed\/OSxwkUltoAs?feature=oembed\" frameborder=\"0\" allow=\"accelerometer; autoplay; clipboard-write; encrypted-media; gyroscope; picture-in-picture; web-share\" referrerpolicy=\"strict-origin-when-cross-origin\" allowfullscreen><\/iframe><\/p>\r\n<p><strong>Ma question au Gouvernement du 6 juin 2018<\/strong><\/p>\r\n<p><a href=\"https:\/\/www.facebook.com\/DeputeThibaultBAZIN\/videos\/412414115898959\/\">https:\/\/www.facebook.com\/DeputeThibaultBAZIN\/videos\/412414115898959\/<\/a><\/p>\r\n<p><strong>Ma question au Gouvernement du 04 avril 2018<\/strong><\/p>\r\n<p><iframe src=\"https:\/\/www.facebook.com\/plugins\/video.php?height=314&amp;href=https%3A%2F%2Fwww.facebook.com%2FDeputeThibaultBAZIN%2Fvideos%2F385273128613058%2F&amp;show_text=false&amp;width=560&amp;t=0\" width=\"560\" height=\"314\" frameborder=\"0\" scrolling=\"no\" allowfullscreen=\"allowfullscreen\" data-mce-fragment=\"1\"><\/iframe><\/p>\r\n<p><strong>Ma question au Gouvernement du 23 janvier 2018<\/strong><\/p>\r\n<p><a href=\"https:\/\/www.facebook.com\/DeputeThibaultBAZIN\/videos\/354920838314954\/\">https:\/\/www.facebook.com\/DeputeThibaultBAZIN\/videos\/354920838314954\/<\/a><\/p>\r\n<p><strong>Ma question au Gouvernement du 21 novembre 2017\u00a0<\/strong><\/p>\r\n<p><iframe src=\"https:\/\/www.youtube.com\/embed\/Oi7Stj_ac6s?rel=0\" width=\"1120\" height=\"630\" frameborder=\"0\" allowfullscreen=\"allowfullscreen\" data-mce-fragment=\"1\"><span data-mce-type=\"bookmark\" class=\"mce_SELRES_start\">\ufeff<\/span><\/iframe><\/p>\r\n","protected":false},"excerpt":{"rendered":"","protected":false},"author":2,"featured_media":0,"parent":0,"menu_order":0,"comment_status":"closed","ping_status":"closed","template":"","meta":[],"amp_enabled":true,"_links":{"self":[{"href":"https:\/\/thibaultbazin.fr\/index.php\/wp-json\/wp\/v2\/pages\/20189"}],"collection":[{"href":"https:\/\/thibaultbazin.fr\/index.php\/wp-json\/wp\/v2\/pages"}],"about":[{"href":"https:\/\/thibaultbazin.fr\/index.php\/wp-json\/wp\/v2\/types\/page"}],"author":[{"embeddable":true,"href":"https:\/\/thibaultbazin.fr\/index.php\/wp-json\/wp\/v2\/users\/2"}],"replies":[{"embeddable":true,"href":"https:\/\/thibaultbazin.fr\/index.php\/wp-json\/wp\/v2\/comments?post=20189"}],"version-history":[{"count":8,"href":"https:\/\/thibaultbazin.fr\/index.php\/wp-json\/wp\/v2\/pages\/20189\/revisions"}],"predecessor-version":[{"id":28928,"href":"https:\/\/thibaultbazin.fr\/index.php\/wp-json\/wp\/v2\/pages\/20189\/revisions\/28928"}],"wp:attachment":[{"href":"https:\/\/thibaultbazin.fr\/index.php\/wp-json\/wp\/v2\/media?parent=20189"}],"curies":[{"name":"wp","href":"https:\/\/api.w.org\/{rel}","templated":true}]}}